 factor of c and f.
38
Suppose 44 - 494 = -2*s. What is the greatest common factor of 6 and s?
3
Let q be 3688/10 - (-546)/455. Calculate the highest common divisor of 20 and q.
10
Let x = 15 - 19. Let w(d) = -d - 4. Let l be w(x). Suppose 4*j - 6 = 2*z, l*z - 8 = -3*j - 2*z. What is the greatest common divisor of j and 16?
2
Let p be 0 - (130 + (0 - -2)). Let c = p + 285. Suppose 5*a - i - c = 2*i, 0 = 5*i + 5. What is the greatest common factor of 20 and a?
10
Suppose 30 = -4*h + 170. Suppose -3*d + 155 = a, -3*a - 4*d + 432 = -8. Calculate the greatest common factor of h and a.
35
Suppose 9*y + 984 = 1200. Let n(o) = 16*o**2 - 2*o. Let z be n(2). What is the highest common factor of y and z?
12
Suppose -2*m + 4*g = -72, 4 = -4*g - 8. What is the highest common divisor of m and 70?
10
Let y be (4/(-3))/((-4)/6). Suppose l + y = -0. Let q be (-3)/l*8/2. What is the greatest common factor of q and 6?
6
Let f(x) = -9*x**2 + 4. Let h be f(2). Let g = h + 48. What is the greatest common factor of g and 16?
16
Let n = -485 - -505. What is the highest common divisor of n and 160?
20
Let s be -6 + ((-15)/3 + 3 - -42). What is the greatest common factor of 629 and s?
17
Let n = 323 - 314. Let k(z) = -1. Let o(m) = m**2 - 14*m + 17. Let y(x) = -5*k(x) - o(x). Let j be y(n). Calculate the greatest common divisor of 22 and j.
11
Let j(y) = 2*y**3 + 3*y**2 + 4*y + 3. Let k be j(-2). Let s = k + 11. Let w = 10 - s. Calculate the highest common factor of w and 2.
2
Let k(j) = -2*j + 1. Let t be k(-4). Suppose 132 = t*s - 57. What is the highest common factor of 14 and s?
7
Let k be 0/((-1)/((-3)/3)). Let l(x) = 3*x + 76. Let u be l(k). What is the highest common factor of 114 and u?
38
Let n = -56 + 76. Calculate the greatest common factor of n and 160.
20
Suppose 0 = i - 6*j + 4*j - 68, 4*i - 5*j - 278 = 0. What is the greatest common divisor of i and 2232?
72
Let d(z) = z**2 + 3*z + 4. Let q be d(-2). Suppose h - 2*p = 38, -q*h = -4*h - 4*p + 68. Calculate the greatest common factor of 9 and h.
9
Let p(o) = 6*o**3 - 5*o**2 + 7*o - 8. Let q be p(2). What is the highest common factor of q and 510?
34
Suppose -5*d + 262 = 2*z, 2*d = 5*z - 6*z + 132. What is the highest common divisor of z and 34?
34
Suppose -s = -5*g - 224 - 218, 3*g + 255 = 4*s. Let f = -75 - g. What is the highest common divisor of f and 56?
14
Suppose 6696 = -61*g + 70*g. What is the highest common factor of 48 and g?
24
Let t = -1492 - -1506. What is the highest common factor of t and 567?
7
Let h = 3339 - 1964. What is the highest common factor of 125 and h?
125
Let a be (1782/7)/(-11)*-63. What is the greatest common factor of 54 and a?
54
Let l be (-310)/(-14) - (-1)/(-7). Suppose 3*f - l = 83. Suppose 5*h + h - 42 = 0. Calculate the greatest common divisor of f and h.
7
Let k be 82 + -83 - (-2266 + 0). What is the highest common divisor of 15 and k?
15
Let z(v) = v**3 - 42*v**2 + 157*v + 27. Let y be z(38). Calculate the highest common factor of 124 and y.
31
Suppose -u - k + 24 = 0, k - 13 - 40 = -2*u. Let i = 52 - u. What is the highest common divisor of 46 and i?
23
Let r(l) = l + 82. Let b be r(-34). Calculate the greatest common divisor of b and 144.
48
Suppose 0 = -2*r + 8, -15*f - 224 = -20*f - r. Suppose a = -5*l + 85, 2*l = 3*a + l - 335. What is the greatest common divisor of f and a?
22
Suppose -m + s = 6*s - 22, 3*s - 132 = -5*m. Let c(i) = -2*i - 23. Let l be c(-11). Let p be 0 + 0 + 4 + l. Calculate the highest common factor of p and m.
3
Let s be 6 + 2*3/(-2). Let u(m) = -2*m**2 - 2*m + 4. Let l be u(s). Let x be l/(-16)*10*6. Calculate the highest common divisor of 30 and x.
15
Let u = 12 + 24. Let s(p) = -p**2 + 5*p - 2. Let x be s(4). Suppose 0 = 6*w - x*w - 16. Calculate the greatest common factor of w and u.
4
Let c = 25 + -13. Suppose -n + 4*u = 5, -c = -3*n - 5*u + 7. Suppose 16 - 62 = -2*m - 2*v, n*m - 73 = v. Calculate the greatest common factor of m and 192.
24
Let y be (18/(-12))/(2/(-4)). Let n(l) = -2*l**3 + 13*l**2 - 7*l + 9. Let p be n(6). Calculate the greatest common factor of p and y.
3
Suppose -h + 8 = -0*h. Let q = -132 + 204. Suppose 2*k - q = k. What is the highest common divisor of h and k?
8
Let o(a) = 3*a + 346. Let g be o(-14). Calculate the greatest common factor of 19 and g.
19
Let v be 1/(-13)*-388 - 14/(-91). Suppose o - 63 = -4*b - 0*o, v = b + 5*o. What is the highest common factor of b and 6?
3
Suppose -m = -2*m + 3. Let k = 2862 - 2859. Calculate the highest common divisor of m and k.
3
Suppose 2 = 2*q, 5*i + 2*q + 80 = 7*q. Let j(o) = -o**2 - 19*o + 12. Let y be j(i). Calculate the greatest common divisor of 18 and y.
18
Let j = -245 - -455. What is the highest common divisor of 90 and j?
30
Let v be (-45)/(-255) - 403/(-221). Let t(b) = -b**3 - b**2 + 1. Let r be t(-1). What is the highest common divisor of v and r?
1
Let u(n) = 4*n + 21. Let o be u(-6). Let r be o - 11*5/(-1). Calculate the highest common divisor of r and 52.
52
Suppose -2*n + 14 - 4 = 0. Suppose 31 - n = 2*g - 4*s, -4*g + 3*s + 37 = 0. Let a = g - 2. What is the greatest common factor of a and 1?
1
Suppose 0*i + 24 = 4*i. Let c = i + 2. Let b(z) = 7*z - 83. Let n be b(13). What is the highest common factor of n and c?
8
Let x be (-1)/((-23)/(-6) - 4). Suppose 2*y = 3*y - x. Suppose -5*k = -3*k - 12. What is the greatest common factor of k and y?
6
Let c(z) = -24*z**3 - z**2 - z - 1. Let j be c(-1). Let t = 20 - j. Let i be (6 + t)/(0 - -1). What is the highest common divisor of i and 24?
3
Let o = 690 - 123. What is the highest common factor of o and 63?
63
Let t = -459 - -723. Calculate the greatest common factor of 72 and t.
24
Suppose 5*s - 14 = 16. Let p(q) = q**2 - 6*q - 2. Let r be p(s). Let d = r + 3. Calculate the greatest common divisor of d and 3.
1
Suppose -9*l - 9*l = -6030. Calculate the greatest common factor of l and 5.
5
Let g = 199 - 122. Let y be 455/42 - (-1)/6. What is the greatest common divisor of g and y?
11
Let c = 272 - 108. Let f be 2/6 + c/12. Let n = 42 - f. What is the greatest common factor of 42 and n?
14
Suppose -212*i + 221*i = 648. Calculate the highest common factor of i and 24.
24
Let a = 372 + -347. Calculate the highest common divisor of 100 and a.
25
Suppose 0 = -2*f - 5*f + 112. Let k = f - -4. What is the highest common factor of k and 220?
20
Let c = -87 + 106. Suppose -r - 125 - 11 = 0. Let g = -3 - r. What is the highest common divisor of c and g?
19
Let p be -2 - -4*(5 - 0). Suppose 0 = -75*t + 68*t. Suppose 2*n = p - t. What is the greatest common factor of 72 and n?
9
Suppose -26 - 78 = -t - 5*d, t - 119 = -2*d. What is the highest common factor of 215 and t?
43
Suppose -23*b + 3509 + 171 = 0. Calculate the highest common factor of b and 120.
40
Let a be (178/4 + -2)*(-354)/(-295). Suppose 4*z + z = 85. What is the greatest common factor of a and z?
17
Let p = -499 - -563. What is the highest common factor of 20 and p?
4
Let h be ((-21)/(-21))/(1/13). Calculate the greatest common factor of 351 and h.
13
Suppose -2*v - 2*o + 34 = 0, 0 = -3*v + 5*o + 49 + 26. Let d = -9 + v. Let y be -8*1 + 25 + 16. What is the greatest common factor of y and d?
11
Suppose -4*d + 313 = -47. Suppose 0 = 4*q - q + 117. Let y = q - -75. What is the highest common factor of d and y?
18
Let r(i) = -i - 6*i + i - 4*i. Let d be r(-1). Suppose b - 40 = -d. What is the highest common factor of 15 and b?
15
Suppose 7*k - 6*k + 26 = 5*n, 3*n - 5*k = -2. Calculate the highest common divisor of 678 and n.
6
Let v(h) = -16*h**3 + 224*h**2 + 6*h - 48. Let x be v(14). Let g = -8 + 32. Calculate the greatest common factor of x and g.
12
Let v = 14 + -19. Let d(z) = z**2 + 3*z - 1. Let l be d(v). Calculate the highest common factor of 36 and l.
9
Let h = -27 + 45. Suppose p - 12 = 2. Let r = -12 + p. Calculate the highest common factor of r and h.
2
Let l(j) = 25*j - 110. Let w be l(6). Calculate the highest common factor of 35 and w.
5
Let h = -16 - -26. Suppose 9 = 2*q + 5*f - 56, -q - 3*f + 34 = 0. What is the highest common factor of q and h?
5
Suppose 0 = -4*s + 8*s - 8. Suppose 13 = s*j + 5. Calculate the greatest common divisor of j and 1.
1
Let j(y) = 6*y + 32. Let a(q) = -q**2 - 11*q - 10. Let t be a(-8). Let h be j(t). What is the highest